prime number?
False
Is 35591 a prime number?
True
Is 1065629 a composite number?
False
Is 591263 composite?
True
Is 192697 composite?
False
Is 2559691 a composite number?
False
Is 2847661 a prime number?
True
Is 50191 composite?
True
Is 41533 prime?
False
Is 37717 a prime number?
True
Is 28961 a prime number?
True
Is 482945 a prime number?
False
Is 31 prime?
True
Is 4861 a composite number?
False
Is 250981 a prime number?
False
Is 1376147 a prime number?
True
Is 27658 a composite number?
True
Is 130171 composite?
False
Is 32093 prime?
False
Is 435562 prime?
False
Is 459061 composite?
True
Is 3109 prime?
True
Is 105841 composite?
True
Is 153817 composite?
False
Is 1663 a composite number?
False
Is 8059 composite?
False
Is 10781 a prime number?
True
Is 235 a prime number?
False
Is 1023191 prime?
False
Is 20101 composite?
False
Is 107069 a prime number?
True
Is 1161521 a prime number?
True
Is 281509 prime?
True
Is 518509 a prime number?
True
Is 53953 composite?
True
Is 34061 prime?
True
Is 44839 a prime number?
True
Is 32543 prime?
False
Is 4141 composite?
True
Is 66271 a prime number?
True
Is 45635 a prime number?
False
Is 9329 a prime number?
False
Is 18763 prime?
False
Is 30431 a composite number?
False
Is 15013 a composite number?
False
Is 453637 a composite number?
False
Is 8997 composite?
True
Is 211859 composite?
False
Is 2390797 a prime number?
True
Is 65789 a composite number?
False
Is 679 a composite number?
True
Is 532507 prime?
False
Is 19537 composite?
True
Is 647473 prime?
False
Is 245783 a prime number?
True
Is 399851 composite?
False
Is 7933 a prime number?
True
Is 217293 prime?
False
Is 219577 composite?
False
Is 26771 a prime number?
False
Is 7541 a composite number?
False
Is 22767 prime?
False
Is 29807 prime?
False
Is 103451 prime?
True
Is 292021 a composite number?
False
Is 21103 prime?
False
Is 12047 prime?
False
Is 17783 a composite number?
False
Is 4313 composite?
True
Is 23189 a prime number?
True
Is 37043 a prime number?
False
Is 1380637 a prime number?
True
Is 52147 prime?
True
Is 9673 composite?
True
Is 210127 composite?
False
Is 52361 a composite number?
False
Is 348239 composite?
False
Is 200287 composite?
True
Is 27791 prime?
True
Is 794191 prime?
True
Is 365051 prime?
False
Is 80537 a composite number?
False
Is 7493 prime?
False
Is 238279 a prime number?
False
Is 25667 composite?
False
Is 6805 prime?
False
Is 416089 prime?
True
Is 1204019 a prime number?
True
Is 272479 a composite number?
True
Is 631 a prime number?
True
Is 10517 a prime number?
False
Is 84707 a composite number?
True
Is 4481 a composite number?
False
Is 47087 prime?
True
Is 82261 prime?
True
Is 790645 a composite number?
True
Is 4467 prime?
False
Is 993 prime?
False
Is 77681 composite?
False
Is 14273 a prime number?
False
Is 25757 a prime number?
False
Is 122753 a prime number?
True
Is 29123 composite?
False
Is 23795 prime?
False
Is 333689 prime?
False
Is 85379 a prime number?
False
Is 15511 a composite number?
False
Is 150107 prime?
True
Is 7642 prime?
False
Is 886633 a prime number?
False
Is 841727 prime?
True
Is 239923 composite?
True
Is 13121 a composite number?
False
Is 328091 a composite number?
True
Is 166461 prime?
False
Is 303 a prime number?
False
Is 20201 prime?
True
Is 18383 prime?
False
Is 241847 a prime number?
True
Is 24239 composite?
False
Is 16811 prime?
True
Is 905659 a composite number?
False
Is 67999 a prime number?
False
Is 9358 prime?
False
Is 7262 a composite number?
True
Is 90821 a prime number?
True
Is 3551 composite?
True
Is 19661 prime?
True
Is 141529 a composite number?
False
Is 198113 a composite number?
True
Is 42323 prime?
True
Is 665947 a composite number?
False
Is 14809 a prime number?
False
Is 7607 a prime number?
True
Is 49318 a composite number?
True
Is 13991 a composite number?
True
Is 64033 prime?
True
Is 23234 composite?
True
Is 9014 prime?
False
Is 16111 a prime number?
True
Is 44519 a prime number?
True
Is 24241 a composite number?
True
Is 35857 a composite number?
True
Is 22805 composite?
True
Is 29789 prime?
True
Is 41453 a prime number?
True
Is 1320019 a composite number?
False
Is 265 composite?
True
Is 102743 composite?
True
Is 39817 a composite number?
True
Is 1153501 composite?
True
Is 3109 a composite number?
False
Is 15941 a prime number?
False
Is 476491 composite?
True
Is 80137 prime?
False
Is 77659 composite?
False
Is 70373 prime?
True
Is 12058 a composite number?
True
Is 24997 composite?
True
Is 900349 composite?
False
Is 4561 prime?
True
Is 1081 composite?
True
Is 40231 composite?
False
Is 28109 prime?
True
Is 7897 prime?
False
Is 636754 a prime number?
False
Is 55694 a prime number?
False
Is 60355 a prime number?
False
Is 333521 a prime number?
False
Is 221213 a prime number?
False
Is 64997 a prime number?
True
Is 1319 composite?
False
Is 175229 composite?
False
Is 270499 composite?
True
Is 36151 a prime number?
True
Is 214211 prime?
True
Is 19563 prime?
False
Is 2329 a composite number?
True
Is 1315385 a composite number?
True
Is 249877 composite?
True
Is 23093 prime?
False
Is 14767 composite?
False
Is 97593 prime?
False
Is 292835 a prime number?
False
Is 353 prime?
True
Is 37487 a prime number?
False
Is 203381 composite?
False
Is 9391 composite?
False
Is 441491 composite?
True
Is 762709 composite?
True
Is 14474 a composite number?
True
Is 1282313 prime?
False
Is 33563 a prime number?
True
Is 437057 composite?
True
Is 940349 composite?
False
Is 11278 a prime number?
False
Is 598963 prime?
True
Is 18431 a composite number?
True
Is 82235 prime?
False
Is 486146 prime?
False
Is 407182 composite?
True
Is 703622 composite?
True
Is 8623 a composite number?
False
Is 274631 composite?
True
Is 2921 composite?
True
Is 47963 a prime number?
True
Is 61955 composite?
True
Is 7817 composite?
False
Is 101819 prime?
False
Is 150359 a prime number?
False
Is 1437187 composite?
False
Is 20593 a composite number?
False
Is 1901 composite?
False
Is 5633 a composite number?
True
Is 18301 a composite number?
False
Is 3907 composite?
False
Is 12781 prime?
True
Is 31319 a prime number?
True
Is 8779 a prime number?
True
Is 493 prime?
False
Is 8857 composite?
True
Is 265607 a composite number?
False
Is 52277 prime?
False
Is 223283 a prime number?
True
Is 16039 composite?
True
Is 661699 a prime number?
False
Is 17011 composite?
False
Is 54029 composite?
True
Is 31469 composite?
False
Is 232549 a composite number?
False
Is 167639 a composite number?
True
Is 19571 prime?
True
Is 104866 a prime number?
False
Is 57121 prime?
False
Is 457057 composite?
False
Is 358163 a prime number?
False
Is 15727 a prime number?
True
Is 349555 a prime number?
False
Is 63947 prime?
False
Is 132497 prime?
False
Is 129494 a prime number?
False
Is 148357 a prime number?
False
Is 7063 composite?
True
Is 211 composite?
False
Is 40913 a composite number?
True
Is 298823 composite?
True
Is 925447 a composite number?
False
Is 214027 a composite number?
True
Is 67057 composite?
False
Is 62459 a composite number?
False
Is 1353831 composite?
True
Is 4728203 composite?
False
Is 16129 a composite number?
True
Is 10601 a prime number?
True
Is 63067 prime?
True
Is 44501 a prime number?
True
Is 96989 composite?
False
Is 273289 a prime number?
True
Is 16057 prime?
True
Is 9813 composite?
True
Is 8583 a composite number?
True
Is 157867 a composite number?
False
Is 109207 a composite number?
True
Is 136599 prime?
False
Is 11906 a prime number?
False
Is 90599 prime?
True
Is 6761 a prime number?
True
Is 4711 a prime number?
False
Is 272123 composite?
True
Is 504103 composite?
False
Is 1918643 composite?
False
Is 25331 a prime number?
False
Is 31271 composite?
False
Is 1626863 a prime number?
False
Is 188593 a composite number?
True
Is 3389 a prime number?
True
Is 36037 prime?
True
Is 415 a composite number?
True
Is 84367 a prime number?
False
Is 39781 prime?
False
Is 31307 a composite number?
False
Is 34421 a composite number?
False
Is 46803 a composite number?
True
Is 38543 composite?
False
Is 397 a composite number?
False
Is 1224507 a prime number?
False
Is 738901 a composite number?
True
Is 56621 composite?
True
Is 329051 a composite number?
True
Is 793 composite?
True
Is 78341 a prime number?
True
Is 1193702 a prime number?
False
Is 3943 composite?
False
Is